62
Let t(c) = -c**3 - 97*c**2 - 373*c - 90. What is t(-93)?
3
Let o(q) = -q**3 + 37*q**2 + 55*q - 2056. What is o(37)?
-21
Let m(c) = -147*c + 928. Determine m(10).
-542
Let f(x) = 129*x + 513. Determine f(-4).
-3
Let r(p) = 6*p**2 - 330*p + 1498. Give r(5).
-2
Let p(l) = -2114*l - 4184. Calculate p(-2).
44
Let y(l) = 2*l**3 + 118*l**2 + 227*l - 56. Calculate y(-57).
1
Let p(i) = -i**3 + 35*i**2 + 17*i - 612. Give p(35).
-17
Let f(a) = a**2 - 2*a + 11. Give f(0).
11
Let i(a) = -a**3 + 145*a**2 - 282*a - 582. Give i(143).
-10
Let a(v) = 379*v + 733. What is a(-2)?
-25
Let z(c) = -c**3 + c**2 - 19*c - 41. What is z(-2)?
9
Let u(h) = -63*h**3 - h**2 - 3*h. Determine u(0).
0
Let i(j) = -3*j**2 + 66*j - 108. Determine i(20).
12
Let b(i) = i**3 - 7*i**2 + 633*i - 5180. Give b(8).
-52
Let d(i) = i**2 + 3*i - 4. What is d(-12)?
104
Let b(i) = 3*i**2 + 68*i - 418. Give b(6).
98
Let i(l) = -2*l**3 + l**2 - 10*l. Calculate i(0).
0
Let w(y) = y**3 + 4*y**2 - 11*y + 23. Determine w(-6).
17
Let w(o) = 696*o - 12524. Determine w(18).
4
Let r(s) = 561*s + 1110. Calculate r(-2).
-12
Let o(l) = -524*l + 166. Give o(-2).
1214
Let a(o) = -70*o**3 + o**2 - 3*o + 2. Calculate a(2).
-560
Let c(i) = 1645*i + 18141. Determine c(-11).
46
Let w(t) = 7*t - 16. Calculate w(16).
96
Let h(m) = 40*m**2 + 272*m - 46. Give h(-7).
10
Let c(h) = -h**2 - 6*h + 644. Calculate c(-30).
-76
Let a(m) = -63*m**3 - 4*m**2 + 22*m + 26. Determine a(-1).
63
Let i(n) = 53*n**2 + 4*n + 7. Give i(-4).
839
Let b(y) = y**3 - y**2 + 23*y - 38. What is b(2)?
12
Let l(k) = -k**3 - 10*k**2 + 17*k + 113. What is l(-10)?
-57
Let a(t) = -2*t - 9. Determine a(8).
-25
Let j(b) = b**2 + 10229*b - 51175. What is j(5)?
-5
Let s(y) = -23*y**2 - 76*y - 77. Calculate s(-1).
-24
Let n(g) = 197*g - 634. Calculate n(3).
-43
Let j(f) = 2389*f + 14300. What is j(-6)?
-34
Let j(b) = -117*b - 1802. Calculate j(-15).
-47
Let c(l) = 114*l - 671. Give c(6).
13
Let p(x) = 11*x**2 + 4*x - 26. Determine p(3).
85
Let o(m) = -4*m**2 + 102*m - 425. What is o(5)?
-15
Let a(p) = -6*p**3 - 3*p**2 - 3*p - 15. Determine a(-5).
675
Let n(a) = -66*a + 391. What is n(6)?
-5
Let q(n) = 2*n**2 - 98*n + 128. Give q(50).
228
Let q(u) = -u**3 - 37*u**2 + 713*u + 36. Determine q(14).
22
Let c(m) = 4*m**2 - 252*m + 18. Determine c(63).
18
Let z(q) = -5*q - 163. What is z(-25)?
-38
Let x(w) = -w**2 - 98*w - 1155. Calculate x(-84).
21
Let w(u) = 163*u - 8672. What is w(53)?
-33
Let l(a) = 2*a**3 + 17*a**2 - 295*a - 106. What is l(-17)?
-4
Let f(j) = j**3 + 35*j**2 + 3*j + 85. Determine f(-35).
-20
Let o(r) = 5*r**2 + 9*r - 177. What is o(-7)?
5
Let d(i) = -25741*i - 3. Determine d(0).
-3
Let p(w) = 20*w + 59. Give p(-3).
-1
Let x(o) = o**3 + 2*o**2 - 19*o + 6. Determine x(0).
6
Let t(c) = -26*c**2 + 18*c - 31. Give t(2).
-99
Let p(z) = -3*z**2 - z + 349. Give p(-11).
-3
Let s(t) = 7*t**2 - 25*t - 138. Give s(-4).
74
Let y(f) = 27*f**2 + 2*f + 9. Determine y(4).
449
Let r(q) = -2140*q - 6343. Give r(-3).
77
Let z(d) = 100*d**3 - 4*d**2 - 5*d - 3. Determine z(-1).
-102
Let b(z) = -z**2 - 113*z - 1971. Calculate b(-91).
31
Let k(h) = -h**3 + 103*h**2 + 321*h - 426. Give k(106).
-108
Let m(n) = -16*n - 32. Give m(-7).
80
Let b(r) = -3*r**3 + 97*r**2 + 62*r + 138. Calculate b(33).
6
Let m(j) = -2*j**2 - 25*j - 22. Calculate m(-8).
50
Let h(y) = y**3 + 2*y**2 + 4*y - 21. Determine h(0).
-21
Let d(z) = 2*z**2 + 70*z + 397. What is d(-28)?
5
Let o(z) = z**3 + 11*z**2 - 9*z - 33. What is o(-11)?
66
Let t(f) = 2*f**3 + 15*f**2 - 5*f + 106. Give t(-8).
82
Let j(o) = -59*o + 2532. Calculate j(43).
-5
Let d(h) = -194*h**2 - 630*h - 6. What is d(-3)?
138
Let z(k) = 3*k**2 + 336*k + 983. Give z(-109).
2
Let n(b) = -2074*b + 37333. Calculate n(18).
1
Let t(f) = f**3 - f**2 + 25*f - 31. What is t(0)?
-31
Let i(u) = -3*u**2 + 263*u + 3588. Determine i(-12).
0
Let d(h) = -3*h**3 + 2*h**2 - 2*h - 1. Determine d(2).
-21
Let m(i) = -493*i + 3436. Calculate m(7).
-15
Let s(d) = d**2 + 86*d - 1864. Give s(18).
8
Let a(m) = 5*m**2 + 1026*m + 1025. Give a(-1).
4
Let o(b) = b**2 - 68*b - 971. What is o(-13)?
82
Let l(z) = z**3 + 64*z**2 - 54*z + 724. Determine l(-65).
9
Let x(w) = -2*w**2 - 70*w + 65. Give x(-36).
-7
Let v(y) = 82*y - 359. Determine v(5).
51
Let r(k) = 18*k**3 + 219*k**2 + 16*k + 15. Give r(-12).
255
Let w(o) = -533*o - 39452. Determine w(-74).
-10
Let n(w) = -202*w + 200. Give n(1).
-2
Let c(a) = 463*a + 3232. Calculate c(-7).
-9
Let t(w) = 5*w**2 + 52*w + 134. What is t(-6)?
2
Let x(w) = -3*w**2 + 27*w + 548. Give x(19).
-22
Let r(q) = -2*q**2 - 20317*q + 162668. Calculate r(8).
4
Let d(l) = l**3 - 145*l**2 + 3533*l + 35. Determine d(31).
4
Let f(p) = -p**3 + 16*p**2 - 65*p + 12. Determine f(9).
-6
Let v(d) = -d**2 - 439*d - 2603. What is v(-6)?
-5
Let y(j) = -j**3 + 5*j**2 + 70*j - 326. Determine y(8).
42
Let u(l) = -l**3 - 20*l**2 - 83*l - 3. What is u(-6)?
-9
Let s(w) = 547*w - 2185. Give s(4).
3
Let u(k) = -6*k**3 - 11*k**2 + 14. Calculate u(-2).
18
Let x(d) = 2*d**2 + 80*d - 515. What is x(-43)?
-257
Let r(k) = -7*k**2 - 102*k + 33. Give r(-16).
-127
Let x(p) = 101*p - 2734. Determine x(27).
-7
Let r(g) = 498*g + 45813. Determine r(-92).
-3
Let t(f) = -367*f - 20920. Calculate t(-57).
-1
Let a(v) = v**3 - 37*v**2 + 334*v + 113. Determine a(20).
-7
Let i(z) = z**2 - 1061*z - 2129. What is i(-2)?
-3
Let v(k) = 8*k**3 + 26*k**2 - 11. Give v(-3).
7
Let s(r) = 1138*r - 7962. Give s(7).
4
Let m(t) = -t**3 - 13*t**2 - 5*t - 32. Determine m(-11).
-219
Let o(n) = n**3 + 12*n**2 + 14*n + 3. Calculate o(-9).
120
Let q(o) = 4*o**2 + 28*o - 94. Give q(4).
82
Let g(h) = -35*h**3 - 6*h**2 + 6*h - 4. What is g(2)?
-296
Let g(i) = -i**3 + 9*i**2 - 18*i + 6. What is g(6)?
6
Let o(p) = -1488*p - 49112. Determine o(-33).
-8
Let z(l) = -41*l - 21. What is z(4)?
-185
Let i(c) = 4*c**2 + 3*c + 49. Give i(-6).
175
Let n(s) = -31405*s - 157029. Determine n(-5).
-4
Let q(y) = -2*y**2 - 386*y - 17520. What is q(-120)?
0
Let q(a) = 330*a**2 + 5*a - 6. Determine q(1).
329
Let u(v) = 96*v**2 - 16*v - 70. Give u(-3).
842
Let d(w) = -3017*w - 9073. Give d(-3).
-22
Let f(i) = 3*i - 158. Give f(44).
-26
Let i(k) = k**3 + 27*k**2 + 129*k + 16. Calculate i(-6).
-2
Let c(t) = -t**2 - 86*t + 1293. Calculate c(13).
6
Let p(q) = q**3 - 3*q**2 - 4*q - 18. What is p(5)?
12
Let g(y) = y**3 + 35*y**2 - 7*y - 237. Give g(-35).
8
Let g(f) = 41*f + 2165. Give g(-54).
-49
Let m(t) = 27*t**3 - 106*t**2 - 10*t + 14. Give m(4).
6
Let t(s) = s**2 + 13*s - 18. Determine t(-15).
12
Let k(i) = -85*i**2 + 3908*i + 84. Give k(46).
-8
Let s(a) = 209*a + 631. Give s(-3).
4
Let j(i) = -2*i**2 - 60*i - 430. Calculate j(-16).
18
Let x(a) = -a**3 - 27*a**2 + 721*a + 19410. Give x(-28).
6
Let r(x) = x**3 + 29*x**2 + 92*x - 16. Calculate r(-5).
124
Let o(i) = 38*i**2 + 2654*i - 422. What is o(-70)?
-2
Let u(f) = -f**3 + 12*f**2 - 17*f - 510. Give u(-5).
0
Let v(o) = -16*o**2 - 16*o - 1. Calculate v(-1).
-1
Let h(q) = q**3 + 8*q**2 + 6*q - 15. What is h(-6)?
21
Let h(v) = -231*v + 24255. Give h(105).
0
Let v(m) = -22*m - 141. Determine v(-7).
13
Let m(d) = 4885*d - 39093. Determine m(8).
-13
Let k(o) = o**3 - 9*o**2 - 43*o + 46. Give k(13).
163
Let j(k) = -k**3 + 15*k**2 + 5*k - 9. Calculate j(15).
66
Let h(v) = -v**2 - 259*v - 1026. Calculate h(-4).
-6
Let n(i) = -51*i - 3972. What is n(-80)?
108
Let s(w) = -2*w**2 + 99*w - 1641. What is s(26)?
-419
Let n(b) = -96*b - 1368. Calculate n(-14).
-24
Let g(n) = -n**3 + 70*n**2 - 200*n - 35. Determine g(67).
32
Let d(p) = -26*p + 93. What is d(-9)?
327
Let u(j) = 3*j**2 - 20*j + 112. Calculate u(7).
119
Let d(y) = y**2 + 207*y + 8909. What is d(-146)?
3
Let b(y) = y**2 - 37*y + 339. Give b(23).
17
Let h(u) = u**3 - 120*u**2 + 3342*u + 79. Give h(44).
-9
Let z(c) = -2*c**3 + 22*c**2 + 11*c - 90. Calculate z(11).
31
Let o(l) = -l**3 + 29*l**2 + 58*l - 28. Determine o(31).
-152
Let k(n) = 2*n**2 - 196*n - 402. Determine k(100).
-2
Let m(d) = 6*d**2 + 54*d + 50. Determine m(-8).
2
Let f(z) = z**3 - 74*z**2 + 84*z - 850. Calculate f(73).
-47
Let d(v) = v**3 + 16*v**2 - 22*v - 27. Give d(-17).
58
Let t(s) = 138*s + 689. What is t(-5)?
-1
Let b(m) = m**2 - 1880*m + 11247. Give b(6).
3
Let n(v) = 37*v**2 + 28*v - 2. What is n(-2)?
90
Let o(v) = -v**3 - 16*v**2 + 51*v